23
-232330010 (base 4) to base 15
-3be75
541626 (base 7) to base 11
64934
Convert -64316533 (base 8) to base 6.
-1210234351
What is -9f7893 (base 16) in base 8?
-47674223
-1667866 (base 9) to base 11
-586454
-2244315 (base 6) to base 13
-40487
What is -18476075 (base 9) in base 10?
-9321062
What is -2c561 (base 13) in base 9?
-137708
Convert 16253543 (base 7) to base 2.
110000000110110101001
303295 (base 16) to base 4
30003022111
What is c1c2 (base 15) in base 8?
117713
-21222202 (base 3) to base 5
-141300
Convert 10101001111100111 (base 2) to base 16.
153e7
What is 777541 (base 14) in base 15?
55126a
Convert -656303 (base 7) to base 13.
-404a5
What is 1111100001011101 (base 2) in base 4?
33201131
What is 166254 (base 7) in base 9?
50740
What is 606206 (base 8) in base 3?
101011002112
What is 55667 (base 11) in base 16?
13b13
Convert -100111111100011001000 (base 2) to base 10.
-1308872
What is 10b892 (base 14) in base 8?
2130550
2177220 (base 8) to base 4
2033322100
What is 147cc (base 14) in base 2?
1100011100000000
Convert -118770 (base 15) to base 12.
-345420
Convert -166d401 (base 14) to base 15.
-e7b308
What is 2444325 (base 6) in base 8?
377035
What is 210011102 (base 3) in base 11?
10656
What is 8ab00 (base 15) in base 6?
13242413
-95dad (base 14) to base 9
-611715
Convert 10000001011001010000100 (base 2) to base 13.
b55ba2
Convert -11100111110101010 (base 2) to base 12.
-58836
What is -1000001100100100110000011 (base 2) in base 15?
-17981a1
942b (base 16) to base 8
112053
-d14f0d (base 16) to base 2
-110100010100111100001101
72813 (base 10) to base 9
120783
37417 (base 14) to base 8
410135
-1053047 (base 8) to base 10
-284199
What is f8ac (base 16) in base 4?
33202230
Convert -10023102112 (base 4) to base 8.
-4132226
What is 2133180 (base 9) in base 14?
21ac70
Convert -86062 (base 13) to base 9.
-407551
Convert -1b0724 (base 12) to base 14.
-c6284
-495cdd (base 14) to base 5
-1120411212
What is -3036884 (base 9) in base 14?
-3020a4
-13346331 (base 8) to base 6
-144200041
e0a185 (base 16) to base 2
111000001010000110000101
What is -110000110001000001 (base 2) in base 3?
-101010222222
Convert 8b274 (base 13) to base 2.
111101110010100000
What is -a059a2 (base 12) in base 9?
-4627115
Convert -1222615 (base 8) to base 16.
-5258d
What is 24468 (base 14) in base 3?
11111122121
What is -3ed38 (base 15) in base 11?
-128930
What is 1eabe (base 15) in base 13?
36869
-4c7342 (base 15) to base 14
-6b7334
2040413 (base 6) to base 12
49109
Convert 662743 (base 12) to base 3.
10001101212020
What is -1121332132 (base 4) in base 15?
-742e7
Convert 43560 (base 10) to base 16.
aa28
-20012201100 (base 3) to base 9
-205640
What is 135236523 (base 7) in base 13?
1ab5b46
What is 385a8a3 (base 13) in base 3?
1020011001000122
What is -100000011100100011011 (base 2) in base 8?
-4034433
What is -94640 (base 10) in base 11?
-65117
-2115448 (base 9) to base 11
-703960
f6083 (base 16) to base 8
3660203
What is 440420113 (base 5) in base 12?
771067
What is -11101100100101110100001 (base 2) in base 7?
-122616234
-6ad84 (base 14) to base 9
-436425
Convert 231010103 (base 4) to base 2.
101101000100010011
Convert -45556534 (base 8) to base 12.
-3389824
Convert -7206a (base 15) to base 7.
-3033064
22012232123 (base 4) to base 7
31341665
What is 84625 (base 10) in base 15?
1a11a
What is 3f78 (base 16) in base 13?
751b
Convert -265702 (base 12) to base 13.
-191708
Convert 20221144 (base 5) to base 16.
28054
What is -316552 (base 10) in base 13?
-b1112
What is 11205311 (base 6) in base 10?
343339
Convert 4326273 (base 8) to base 11.
7212a9
Convert -11202404300 (base 5) to base 12.
-424b545
Convert -20134411120 (base 5) to base 12.
-693842b
Convert -1738663 (base 9) to base 7.
-11152305
-4717644 (base 8) to base 15
-1a60bc
36525 (base 7) to base 6
112033
1085590 (base 10) to base 7
12140662
Convert -53339 (base 10) to base 5.
-3201324
What is 5869 (base 13) in base 15?
3a34
51451354 (base 6) to base 7
15421225
Convert 256300345 (base 7) to base 14.
22700cc
-13285a (base 15) to base 14
-19d341
What is -200746 (base 8) in base 14?
-1a0bc
What is 117d7 (base 15) in base 13?
1c507
101022122222022 (base 3) to base 6
313321225
What is -55421043 (base 6) in base 11?
-a39403
What is -1c38 (base 13) in base 11?
-3234
What is -121242502 (base 6) in base 5?
-1042314434
Convert -20137274 (base 9) to base 5.
-4432300002
Convert -360434 (base 9) to base 11.
-138a33
Convert 1010144343 (base 5) to base 7.
23214104
-102200222 (base 5) to base 14
-b208b
What is -2102211121 (base 3) in base 4?
-23231323
What is -4263464 (base 7) in base 12?
-210a3b
4555423 (base 7) to base 3
1001212220221
12401304 (base 5) to base 16
1dcdf
Convert -34525024 (base 6) to base 4.
-10010333020
102311210311 (base 4) to base 14
92780d
Convert 13310340 (base 5) to base 3.
20212022112
Convert 827707 (base 9) to base 12.
1b8307
What is -521203333 (base 6) in base 7?
-136451052
What is 10112202101111 (base 3) in base 5?
440302443
Convert 6272 (base 12) to base 14.
3cb4
Convert 1702680 (base 9) to base 2.
11100111001001110000
What is 3002113133 (base 4) in base 12?
32487b
What is -2666610 (base 7) in base 12?
-150289
Convert 2021100020111 (base 3) to base 10.
1207399
927788 (base 10) to base 9
1663615
Convert -1755b5 (base 12) to base 14.
-a7081
Convert 31707a3 (base 11) to base 5.
2412013211
Convert -100100100101101001100111 (base 2) to base 11.
-5461184
22c5a3c (base 13) to base 15
e25a27
What is 502532 (base 6) in base 2?
1001101001011000
Convert -334230 (base 5) to base 16.
-2e27
What is 6153025 (base 7) in base 14?
1521bc
What is -15204c (base 13) in base 7?
-4256553
What is 1201001 (base 6) in base 12?
30161
What is -110010001111100 (base 2) in base 10?
-25724
What is -108351 (base 9) in base 7?
-361000
Convert 78fa (base 16) to base 11.
212a5
What is 1e2a9 (base 16) in base 10?
123561
Convert -244545 (base 7) to base 15.
-d463
What is 502302511 (base 6) in base 9?
17017757
-624330 (base 8) to base 12
-9b9b4
Convert 13805 (base 15) to base 8.
172133
What is -24117 (base 13) in base 2?
-10000001000110011
Convert -101122120 (base 3) to base 2.
-1111001010100
Convert -10100011101101000110000 (base 2) to base 9.
-11075352
-6a1449 (base 11) to base 5
-241131314
Convert -b32489 (base 15) to base 6.
-502243003
Convert 48a272 (base 11) to base 10.
774963
-12202212201 (base 3) to base 2
-11011101111100011
Convert -4664327 (base 8) to base 12.
-51415b
Convert -2052034 (base 6) to base 8.
-303626
Convert 23023133311 (base 4) to base 11.
1721952
What is -22122221202 (base 3) in base 4?
-221220320
Convert -110310300 (base 4) to base 3.
-11100000010
What is -40038 (base 14) in base 10?
-153714
303134 (base 8) to base 5
11144212
-224cd (base 15) to base 7
-633025
11001121022 (base 3) to base 10
79901
Convert 125014453 (base 6) to base 9.
4582176
What is -11111101010011100001 (base 2) in base 7?
-11550614
Convert 10110001100000011 (base 2) to base 16.
16303
Convert -21312203 (base 5) to base 11.
-114967
-238780 (base 11) to base 2
-1011100001100001000
Convert 4a071 (base 12) to base 6.
2052221
What is 662731 (base 8) in base 2?
110110010111011001
What is 23696 (base 14) in base 8?
250544
-22002020100201 (base 3) to base 16
-418b6a
101011111001111000110 (base 2) to base 11
8a2985
What is 159a84 (base 11) in base 6?
5150001
Convert -525215 (base 10) to base 14.
-d9595
What is 100102100002222 (base 3) in base 7?
60360053
What is 826287 (base 10) in base 3?
1112222110020
What is 84c6b7 (base 13) in base 14?
5b0220
What is 83a19 (base 12) in base 2?
101010000111110101
-495409 (base 11) to base 6
-24441321
What is -57679 (base 14) in base 11?
-135787
Convert -7255404 (base 8) to base 13.
-524890
Convert 122001010 (base 3) to base 16.
3087
Convert -e012 (base 15) to base 3.
-2101211122
What is 212000021112 (base 3) in base 2?
1101110100100110000
What is 317552 (base 9) in base 3?
100121121202
Convert -504034 (base 9) to base 5.
-34020232
Convert -102012001211220 (base 3) to base 8.
-26534415
What is 11521530 (base 7) in base 12?
418526
What is -16b5720 (base 13) in base 4?
-130021333010
What is -11100100111101100001 (base 2) in base 5?
-220002300
Convert -a8402 (base 11) to base 6.
-3213212
Convert -84f3 (base 16) to base 7.
-201141